{"id":871,"date":"2019-11-23T13:31:48","date_gmt":"2019-11-23T12:31:48","guid":{"rendered":"https:\/\/editionsdespetitspas.com\/?post_type=product&#038;p=871"},"modified":"2025-02-27T12:02:48","modified_gmt":"2025-02-27T11:02:48","slug":"lenfant-epanoui-la-philosophie-montessori-de-la-naissance-a-trois-ans","status":"publish","type":"product","link":"https:\/\/editionsdespetitspas.com\/index.php\/produit\/lenfant-epanoui-la-philosophie-montessori-de-la-naissance-a-trois-ans\/","title":{"rendered":"L\u2019enfant \u00c9panoui : La philosophie Montessori de la naissance \u00e0 trois ans"},"content":{"rendered":"<p>Susan M. Stephenson a \u00e9crit \u00ab\u00a0L\u2019Enfant \u00e9panoui\u00a0\u00bb pour rendre accessible au plus grand nombre les principes de la philosophie Montessori de la naissance \u00e0 3 ans. Bas\u00e9 sur le contenu de la formation des \u00e9ducateurs Montessori 0-3 ans dispens\u00e9e par l\u2019Association Montessori Internationale (AMI) Etats-Unis, illustr\u00e9 de tr\u00e8s nombreuses photos et citations, cet ouvrage d\u00e9taill\u00e9 et pr\u00e9cis aborde tous les aspects du d\u00e9veloppement du petit enfant, ann\u00e9e apr\u00e8s ann\u00e9e\u00a0: motricit\u00e9 globale et fine, alimentation, sommeil, langage, relations dans la famille, gestion des \u00e9motions, d\u00e9couverte de l\u2019art, rapport \u00e0 la nature\u2026 et se termine par une \u00e9tude compar\u00e9e entre l\u2019enfance d\u2019une petite fille bhoutanaise et les pr\u00e9ceptes Montessori, qui se r\u00e9v\u00e8lent parfaitement universels.<\/p>\n<p>\u00c9ducatrice Montessori certifi\u00e9e de 0 \u00e0 12 ans aupr\u00e8s de l\u2019Association Montessori Internationale (AMI \u00c9tats-Unis et Royaume-Uni), \u00e9ducatrice sp\u00e9cialis\u00e9e, Susan Mayclin Stephenson a travaill\u00e9 de nombreuses ann\u00e9es aupr\u00e8s des enfants avant de devenir elle-m\u00eame formatrice AMI. Elle a port\u00e9 la philosophie Montessori dans plus de soixante pays et promeut sans rel\u00e2che le respect et l\u2019accompagnement du potentiel de chaque individu. Salu\u00e9 par le Dala\u00ef Lama, le travail de Susan Mayclin Stephenson a d\u00e9j\u00e0 accompagn\u00e9 des milliers de familles et d\u2019enseignants, des \u00c9tats-Unis au Japon en passant par le Br\u00e9sil, la Pologne et la Chine, dans l\u2019accueil respectueux de leurs plus jeunes enfants.<\/p>\n<p>&nbsp;<\/p>\n<p>L\u2019Enfant \u00e9panoui, la philosophie Montessori de la naissance \u00e0 trois ans<\/p>\n<p>Auteur\u00a0: Susan Mayclin Stephenson<\/p>\n<p>Traduit de l&rsquo;am\u00e9ricain par Sabrina Cier<\/p>\n<p>Editeur\u00a0: Editions des Petits Pas, 2019 pour la version fran\u00e7aise<\/p>\n<p>ISBN 978-2-9567685-0-0<\/p>\n<p>Prix\u00a0: 17,90 euros<\/p>\n<p>256 pages * 135 x 202 mm<\/p>\n","protected":false},"excerpt":{"rendered":"<div class=\"page\" title=\"Page 3\">\n<div class=\"layoutArea\">\n<div class=\"column\">\n<p>LA PHILOSOPHIE MONTESSORI DE LA NAISSANCE \u00c0 TROIS ANS<\/p>\n<p>La philosophie Montessori porte, d\u00e8s avant la naissance, un regard empreint du plus immense respect sur le jeune \u00eatre humain. Agr\u00e9ment\u00e9 de tr\u00e8s nombreuses photos illustrant les concepts pr\u00e9sent\u00e9s, cet ouvrage expose simplement, concr\u00e8tement et avec exactitude les pr\u00e9ceptes Montessori de la naissance \u00e0 trois ans.<\/p>\n<p><em>\u00c9ducatrice Montessori certifi\u00e9e de 0 \u00e0 12 ans aupr\u00e8s de l\u2019Association Montessori Internationale (AMI \u00c9tats-Unis et Royaume-Uni), \u00e9ducatrice sp\u00e9cialis\u00e9e, Susan Mayclin Stephenson a travaill\u00e9 de nombreuses ann\u00e9es aupr\u00e8s des enfants avant de devenir elle-m\u00eame formatrice AMI. Elle a port\u00e9 la philosophie Montessori dans plus de soixante pays et promeut sans rel\u00e2che le respect et l\u2019accompagnement du potentiel de chaque individu. Salu\u00e9 par le Dala\u00ef Lama, le travail de Susan Mayclin Stephenson a d\u00e9j\u00e0 accompagn\u00e9 des milliers de familles et d\u2019enseignants, des \u00c9tats-Unis au Japon en passant par le Br\u00e9sil, la Pologne et la Chine, dans l\u2019accueil respectueux de leurs plus jeunes enfants. <\/em><\/p>\n<\/div>\n<\/div>\n<\/div>\n","protected":false},"featured_media":19967,"template":"","meta":{"site-sidebar-layout":"default","site-content-layout":"default","ast-site-content-layout":"default","site-content-style":"default","site-sidebar-style":"default","ast-global-header-display":"","ast-banner-title-visibility":"","ast-main-header-display":"","ast-hfb-above-header-display":"","ast-hfb-below-header-display":"","ast-hfb-mobile-header-display":"","site-post-title":"","ast-breadcrumbs-content":"","ast-featured-img":"","footer-sml-layout":"","theme-transparent-header-meta":"default","adv-header-id-meta":"","stick-header-meta":"","header-above-stick-meta":"","header-main-stick-meta":"","header-below-stick-meta":"","astra-migrate-meta-layouts":"set","ast-page-background-enabled":"default","ast-page-background-meta":{"desktop":{"background-color":"var(--ast-global-color-4)","background-image":"","background-repeat":"repeat","background-position":"center center","background-size":"auto","background-attachment":"scroll","background-type":"","background-media":"","overlay-type":"","overlay-color":"","overlay-opacity":"","overlay-gradient":""},"tablet":{"background-color":"","background-image":"","background-repeat":"repeat","background-position":"center center","background-size":"auto","background-attachment":"scroll","background-type":"","background-media":"","overlay-type":"","overlay-color":"","overlay-opacity":"","overlay-gradient":""},"mobile":{"background-color":"","background-image":"","background-repeat":"repeat","background-position":"center center","background-size":"auto","background-attachment":"scroll","background-type":"","background-media":"","overlay-type":"","overlay-color":"","overlay-opacity":"","overlay-gradient":""}},"ast-content-background-meta":{"desktop":{"background-color":"var(--ast-global-color-5)","background-image":"","background-repeat":"repeat","background-position":"center center","background-size":"auto","background-attachment":"scroll","background-type":"","background-media":"","overlay-type":"","overlay-color":"","overlay-opacity":"","overlay-gradient":""},"tablet":{"background-color":"var(--ast-global-color-5)","background-image":"","background-repeat":"repeat","background-position":"center center","background-size":"auto","background-attachment":"scroll","background-type":"","background-media":"","overlay-type":"","overlay-color":"","overlay-opacity":"","overlay-gradient":""},"mobile":{"background-color":"var(--ast-global-color-5)","background-image":"","background-repeat":"repeat","background-position":"center center","background-size":"auto","background-attachment":"scroll","background-type":"","background-media":"","overlay-type":"","overlay-color":"","overlay-opacity":"","overlay-gradient":""}}},"product_brand":[],"product_cat":[201],"product_tag":[206,207],"class_list":{"0":"post-871","1":"product","2":"type-product","3":"status-publish","4":"has-post-thumbnail","6":"product_cat-livres","7":"product_tag-livre","8":"product_tag-montessori","9":"product_shipping_class-france-autres","10":"desktop-align-left","11":"tablet-align-left","12":"mobile-align-left","14":"first","15":"outofstock","16":"featured","17":"taxable","18":"shipping-taxable","19":"purchasable","20":"product-type-simple"},"yoast_head":"<!-- This site is optimized with the Yoast SEO plugin v24.3 - https:\/\/yoast.com\/wordpress\/plugins\/seo\/ -->\n<title>L\u2019enfant \u00c9panoui : La philosophie Montessori de la naissance \u00e0 trois ans - Editions des Petits Pas<\/title>\n<meta name=\"description\" content=\"La philosophie Montessori porte, d\u00e8s avant la naissance, un regard empreint du plus immense respect sur le jeune \u00eatre humain. Agr\u00e9ment\u00e9 de tr\u00e8s nombreuses photos illustrant les concepts pr\u00e9sent\u00e9s, cet ouvrage expose simplement, concr\u00e8tement et avec exactitude les pr\u00e9ceptes Montessori de la naissance \u00e0 trois ans.\" \/>\n<meta name=\"robots\" content=\"index, follow, max-snippet:-1, max-image-preview:large, max-video-preview:-1\" \/>\n<link rel=\"canonical\" href=\"https:\/\/editionsdespetitspas.com\/index.php\/produit\/lenfant-epanoui-la-philosophie-montessori-de-la-naissance-a-trois-ans\/\" \/>\n<meta property=\"og:locale\" content=\"fr_FR\" \/>\n<meta property=\"og:type\" content=\"article\" \/>\n<meta property=\"og:title\" content=\"L\u2019enfant \u00c9panoui : La philosophie Montessori de la naissance \u00e0 trois ans - Editions des Petits Pas\" \/>\n<meta property=\"og:description\" content=\"La philosophie Montessori porte, d\u00e8s avant la naissance, un regard empreint du plus immense respect sur le jeune \u00eatre humain. Agr\u00e9ment\u00e9 de tr\u00e8s nombreuses photos illustrant les concepts pr\u00e9sent\u00e9s, cet ouvrage expose simplement, concr\u00e8tement et avec exactitude les pr\u00e9ceptes Montessori de la naissance \u00e0 trois ans.\" \/>\n<meta property=\"og:url\" content=\"https:\/\/editionsdespetitspas.com\/index.php\/produit\/lenfant-epanoui-la-philosophie-montessori-de-la-naissance-a-trois-ans\/\" \/>\n<meta property=\"og:site_name\" content=\"Editions des Petits Pas\" \/>\n<meta property=\"article:publisher\" content=\"https:\/\/www.facebook.com\/editionsdespetitspas\" \/>\n<meta property=\"article:modified_time\" content=\"2025-02-27T11:02:48+00:00\" \/>\n<meta property=\"og:image\" content=\"https:\/\/editionsdespetitspas.com\/wp-content\/uploads\/2022\/03\/Montessori_0-3_boutique.png\" \/>\n\t<meta property=\"og:image:width\" content=\"484\" \/>\n\t<meta property=\"og:image:height\" content=\"625\" \/>\n\t<meta property=\"og:image:type\" content=\"image\/png\" \/>\n<meta name=\"twitter:card\" content=\"summary_large_image\" \/>\n<meta name=\"twitter:label1\" content=\"Dur\u00e9e de lecture estim\u00e9e\" \/>\n\t<meta name=\"twitter:data1\" content=\"2 minutes\" \/>\n<script type=\"application\/ld+json\" class=\"yoast-schema-graph\">{\"@context\":\"https:\/\/schema.org\",\"@graph\":[{\"@type\":\"WebPage\",\"@id\":\"https:\/\/editionsdespetitspas.com\/index.php\/produit\/lenfant-epanoui-la-philosophie-montessori-de-la-naissance-a-trois-ans\/\",\"url\":\"https:\/\/editionsdespetitspas.com\/index.php\/produit\/lenfant-epanoui-la-philosophie-montessori-de-la-naissance-a-trois-ans\/\",\"name\":\"L\u2019enfant \u00c9panoui : La philosophie Montessori de la naissance \u00e0 trois ans - Editions des Petits Pas\",\"isPartOf\":{\"@id\":\"https:\/\/editionsdespetitspas.com\/#website\"},\"primaryImageOfPage\":{\"@id\":\"https:\/\/editionsdespetitspas.com\/index.php\/produit\/lenfant-epanoui-la-philosophie-montessori-de-la-naissance-a-trois-ans\/#primaryimage\"},\"image\":{\"@id\":\"https:\/\/editionsdespetitspas.com\/index.php\/produit\/lenfant-epanoui-la-philosophie-montessori-de-la-naissance-a-trois-ans\/#primaryimage\"},\"thumbnailUrl\":\"https:\/\/editionsdespetitspas.com\/wp-content\/uploads\/2022\/03\/Montessori_0-3_boutique.png\",\"datePublished\":\"2019-11-23T12:31:48+00:00\",\"dateModified\":\"2025-02-27T11:02:48+00:00\",\"description\":\"La philosophie Montessori porte, d\u00e8s avant la naissance, un regard empreint du plus immense respect sur le jeune \u00eatre humain. Agr\u00e9ment\u00e9 de tr\u00e8s nombreuses photos illustrant les concepts pr\u00e9sent\u00e9s, cet ouvrage expose simplement, concr\u00e8tement et avec exactitude les pr\u00e9ceptes Montessori de la naissance \u00e0 trois ans.\",\"breadcrumb\":{\"@id\":\"https:\/\/editionsdespetitspas.com\/index.php\/produit\/lenfant-epanoui-la-philosophie-montessori-de-la-naissance-a-trois-ans\/#breadcrumb\"},\"inLanguage\":\"fr-FR\",\"potentialAction\":[{\"@type\":\"ReadAction\",\"target\":[\"https:\/\/editionsdespetitspas.com\/index.php\/produit\/lenfant-epanoui-la-philosophie-montessori-de-la-naissance-a-trois-ans\/\"]}]},{\"@type\":\"ImageObject\",\"inLanguage\":\"fr-FR\",\"@id\":\"https:\/\/editionsdespetitspas.com\/index.php\/produit\/lenfant-epanoui-la-philosophie-montessori-de-la-naissance-a-trois-ans\/#primaryimage\",\"url\":\"https:\/\/editionsdespetitspas.com\/wp-content\/uploads\/2022\/03\/Montessori_0-3_boutique.png\",\"contentUrl\":\"https:\/\/editionsdespetitspas.com\/wp-content\/uploads\/2022\/03\/Montessori_0-3_boutique.png\",\"width\":484,\"height\":625},{\"@type\":\"BreadcrumbList\",\"@id\":\"https:\/\/editionsdespetitspas.com\/index.php\/produit\/lenfant-epanoui-la-philosophie-montessori-de-la-naissance-a-trois-ans\/#breadcrumb\",\"itemListElement\":[{\"@type\":\"ListItem\",\"position\":1,\"name\":\"Accueil\",\"item\":\"https:\/\/editionsdespetitspas.com\/\"},{\"@type\":\"ListItem\",\"position\":2,\"name\":\"La librairie des Petits Pas\",\"item\":\"https:\/\/editionsdespetitspas.com\/\"},{\"@type\":\"ListItem\",\"position\":3,\"name\":\"L\u2019enfant \u00c9panoui : La philosophie Montessori de la naissance \u00e0 trois ans\"}]},{\"@type\":\"WebSite\",\"@id\":\"https:\/\/editionsdespetitspas.com\/#website\",\"url\":\"https:\/\/editionsdespetitspas.com\/\",\"name\":\"Editions des Petits Pas\",\"description\":\"Les p\u00e9dagogies... toutes les p\u00e9dagogies\",\"publisher\":{\"@id\":\"https:\/\/editionsdespetitspas.com\/#organization\"},\"potentialAction\":[{\"@type\":\"SearchAction\",\"target\":{\"@type\":\"EntryPoint\",\"urlTemplate\":\"https:\/\/editionsdespetitspas.com\/?s={search_term_string}\"},\"query-input\":{\"@type\":\"PropertyValueSpecification\",\"valueRequired\":true,\"valueName\":\"search_term_string\"}}],\"inLanguage\":\"fr-FR\"},{\"@type\":\"Organization\",\"@id\":\"https:\/\/editionsdespetitspas.com\/#organization\",\"name\":\"Editions des petits pas\",\"url\":\"https:\/\/editionsdespetitspas.com\/\",\"logo\":{\"@type\":\"ImageObject\",\"inLanguage\":\"fr-FR\",\"@id\":\"https:\/\/editionsdespetitspas.com\/#\/schema\/logo\/image\/\",\"url\":\"https:\/\/editionsdespetitspas.com\/wp-content\/uploads\/2018\/11\/cropped-cropped-cropped-logo_rvb_couleurs_horizontal_edpp-e1544882037341.png\",\"contentUrl\":\"https:\/\/editionsdespetitspas.com\/wp-content\/uploads\/2018\/11\/cropped-cropped-cropped-logo_rvb_couleurs_horizontal_edpp-e1544882037341.png\",\"width\":200,\"height\":109,\"caption\":\"Editions des petits pas\"},\"image\":{\"@id\":\"https:\/\/editionsdespetitspas.com\/#\/schema\/logo\/image\/\"},\"sameAs\":[\"https:\/\/www.facebook.com\/editionsdespetitspas\",\"https:\/\/www.instagram.com\/editions_des_petits_pas\/\"]}]}<\/script>\n<!-- \/ Yoast SEO plugin. -->","yoast_head_json":{"title":"L\u2019enfant \u00c9panoui : La philosophie Montessori de la naissance \u00e0 trois ans - Editions des Petits Pas","description":"La philosophie Montessori porte, d\u00e8s avant la naissance, un regard empreint du plus immense respect sur le jeune \u00eatre humain. Agr\u00e9ment\u00e9 de tr\u00e8s nombreuses photos illustrant les concepts pr\u00e9sent\u00e9s, cet ouvrage expose simplement, concr\u00e8tement et avec exactitude les pr\u00e9ceptes Montessori de la naissance \u00e0 trois ans.","robots":{"index":"index","follow":"follow","max-snippet":"max-snippet:-1","max-image-preview":"max-image-preview:large","max-video-preview":"max-video-preview:-1"},"canonical":"https:\/\/editionsdespetitspas.com\/index.php\/produit\/lenfant-epanoui-la-philosophie-montessori-de-la-naissance-a-trois-ans\/","og_locale":"fr_FR","og_type":"article","og_title":"L\u2019enfant \u00c9panoui : La philosophie Montessori de la naissance \u00e0 trois ans - Editions des Petits Pas","og_description":"La philosophie Montessori porte, d\u00e8s avant la naissance, un regard empreint du plus immense respect sur le jeune \u00eatre humain. Agr\u00e9ment\u00e9 de tr\u00e8s nombreuses photos illustrant les concepts pr\u00e9sent\u00e9s, cet ouvrage expose simplement, concr\u00e8tement et avec exactitude les pr\u00e9ceptes Montessori de la naissance \u00e0 trois ans.","og_url":"https:\/\/editionsdespetitspas.com\/index.php\/produit\/lenfant-epanoui-la-philosophie-montessori-de-la-naissance-a-trois-ans\/","og_site_name":"Editions des Petits Pas","article_publisher":"https:\/\/www.facebook.com\/editionsdespetitspas","article_modified_time":"2025-02-27T11:02:48+00:00","og_image":[{"width":484,"height":625,"url":"https:\/\/editionsdespetitspas.com\/wp-content\/uploads\/2022\/03\/Montessori_0-3_boutique.png","type":"image\/png"}],"twitter_card":"summary_large_image","twitter_misc":{"Dur\u00e9e de lecture estim\u00e9e":"2 minutes"},"schema":{"@context":"https:\/\/schema.org","@graph":[{"@type":"WebPage","@id":"https:\/\/editionsdespetitspas.com\/index.php\/produit\/lenfant-epanoui-la-philosophie-montessori-de-la-naissance-a-trois-ans\/","url":"https:\/\/editionsdespetitspas.com\/index.php\/produit\/lenfant-epanoui-la-philosophie-montessori-de-la-naissance-a-trois-ans\/","name":"L\u2019enfant \u00c9panoui : La philosophie Montessori de la naissance \u00e0 trois ans - Editions des Petits Pas","isPartOf":{"@id":"https:\/\/editionsdespetitspas.com\/#website"},"primaryImageOfPage":{"@id":"https:\/\/editionsdespetitspas.com\/index.php\/produit\/lenfant-epanoui-la-philosophie-montessori-de-la-naissance-a-trois-ans\/#primaryimage"},"image":{"@id":"https:\/\/editionsdespetitspas.com\/index.php\/produit\/lenfant-epanoui-la-philosophie-montessori-de-la-naissance-a-trois-ans\/#primaryimage"},"thumbnailUrl":"https:\/\/editionsdespetitspas.com\/wp-content\/uploads\/2022\/03\/Montessori_0-3_boutique.png","datePublished":"2019-11-23T12:31:48+00:00","dateModified":"2025-02-27T11:02:48+00:00","description":"La philosophie Montessori porte, d\u00e8s avant la naissance, un regard empreint du plus immense respect sur le jeune \u00eatre humain. Agr\u00e9ment\u00e9 de tr\u00e8s nombreuses photos illustrant les concepts pr\u00e9sent\u00e9s, cet ouvrage expose simplement, concr\u00e8tement et avec exactitude les pr\u00e9ceptes Montessori de la naissance \u00e0 trois ans.","breadcrumb":{"@id":"https:\/\/editionsdespetitspas.com\/index.php\/produit\/lenfant-epanoui-la-philosophie-montessori-de-la-naissance-a-trois-ans\/#breadcrumb"},"inLanguage":"fr-FR","potentialAction":[{"@type":"ReadAction","target":["https:\/\/editionsdespetitspas.com\/index.php\/produit\/lenfant-epanoui-la-philosophie-montessori-de-la-naissance-a-trois-ans\/"]}]},{"@type":"ImageObject","inLanguage":"fr-FR","@id":"https:\/\/editionsdespetitspas.com\/index.php\/produit\/lenfant-epanoui-la-philosophie-montessori-de-la-naissance-a-trois-ans\/#primaryimage","url":"https:\/\/editionsdespetitspas.com\/wp-content\/uploads\/2022\/03\/Montessori_0-3_boutique.png","contentUrl":"https:\/\/editionsdespetitspas.com\/wp-content\/uploads\/2022\/03\/Montessori_0-3_boutique.png","width":484,"height":625},{"@type":"BreadcrumbList","@id":"https:\/\/editionsdespetitspas.com\/index.php\/produit\/lenfant-epanoui-la-philosophie-montessori-de-la-naissance-a-trois-ans\/#breadcrumb","itemListElement":[{"@type":"ListItem","position":1,"name":"Accueil","item":"https:\/\/editionsdespetitspas.com\/"},{"@type":"ListItem","position":2,"name":"La librairie des Petits Pas","item":"https:\/\/editionsdespetitspas.com\/"},{"@type":"ListItem","position":3,"name":"L\u2019enfant \u00c9panoui : La philosophie Montessori de la naissance \u00e0 trois ans"}]},{"@type":"WebSite","@id":"https:\/\/editionsdespetitspas.com\/#website","url":"https:\/\/editionsdespetitspas.com\/","name":"Editions des Petits Pas","description":"Les p\u00e9dagogies... toutes les p\u00e9dagogies","publisher":{"@id":"https:\/\/editionsdespetitspas.com\/#organization"},"potentialAction":[{"@type":"SearchAction","target":{"@type":"EntryPoint","urlTemplate":"https:\/\/editionsdespetitspas.com\/?s={search_term_string}"},"query-input":{"@type":"PropertyValueSpecification","valueRequired":true,"valueName":"search_term_string"}}],"inLanguage":"fr-FR"},{"@type":"Organization","@id":"https:\/\/editionsdespetitspas.com\/#organization","name":"Editions des petits pas","url":"https:\/\/editionsdespetitspas.com\/","logo":{"@type":"ImageObject","inLanguage":"fr-FR","@id":"https:\/\/editionsdespetitspas.com\/#\/schema\/logo\/image\/","url":"https:\/\/editionsdespetitspas.com\/wp-content\/uploads\/2018\/11\/cropped-cropped-cropped-logo_rvb_couleurs_horizontal_edpp-e1544882037341.png","contentUrl":"https:\/\/editionsdespetitspas.com\/wp-content\/uploads\/2018\/11\/cropped-cropped-cropped-logo_rvb_couleurs_horizontal_edpp-e1544882037341.png","width":200,"height":109,"caption":"Editions des petits pas"},"image":{"@id":"https:\/\/editionsdespetitspas.com\/#\/schema\/logo\/image\/"},"sameAs":["https:\/\/www.facebook.com\/editionsdespetitspas","https:\/\/www.instagram.com\/editions_des_petits_pas\/"]}]}},"jetpack_sharing_enabled":true,"_links":{"self":[{"href":"https:\/\/editionsdespetitspas.com\/index.php\/wp-json\/wp\/v2\/product\/871","targetHints":{"allow":["GET"]}}],"collection":[{"href":"https:\/\/editionsdespetitspas.com\/index.php\/wp-json\/wp\/v2\/product"}],"about":[{"href":"https:\/\/editionsdespetitspas.com\/index.php\/wp-json\/wp\/v2\/types\/product"}],"wp:featuredmedia":[{"embeddable":true,"href":"https:\/\/editionsdespetitspas.com\/index.php\/wp-json\/wp\/v2\/media\/19967"}],"wp:attachment":[{"href":"https:\/\/editionsdespetitspas.com\/index.php\/wp-json\/wp\/v2\/media?parent=871"}],"wp:term":[{"taxonomy":"product_brand","embeddable":true,"href":"https:\/\/editionsdespetitspas.com\/index.php\/wp-json\/wp\/v2\/product_brand?post=871"},{"taxonomy":"product_cat","embeddable":true,"href":"https:\/\/editionsdespetitspas.com\/index.php\/wp-json\/wp\/v2\/product_cat?post=871"},{"taxonomy":"product_tag","embeddable":true,"href":"https:\/\/editionsdespetitspas.com\/index.php\/wp-json\/wp\/v2\/product_tag?post=871"}],"curies":[{"name":"wp","href":"https:\/\/api.w.org\/{rel}","templated":true}]}}