{"id":19830,"date":"2022-01-14T18:49:22","date_gmt":"2022-01-14T17:49:22","guid":{"rendered":"https:\/\/editionsdespetitspas.com\/?post_type=product&#038;p=19830"},"modified":"2025-04-03T12:31:49","modified_gmt":"2025-04-03T10:31:49","slug":"vois-tu-comme-jecoute","status":"publish","type":"product","link":"https:\/\/editionsdespetitspas.com\/index.php\/produit\/vois-tu-comme-jecoute\/","title":{"rendered":"Vois-tu comme j&rsquo;\u00e9coute?"},"content":{"rendered":"<p>A destination des parents et des professionnels, ce guide fournit des pistes pour l&rsquo;\u00e9veil musical des enfants en bas \u00e2ge, donnant des indications sur la voix, la perception des nourrissons, l&rsquo;aspect ludique des instruments, les \u00e9tapes de l&rsquo;apprentissage et la pr\u00e9paration d&rsquo;une s\u00e9quence musicale. Articul\u00e9 autour de l&rsquo;\u00e9veil \u00e0 l&rsquo;\u00e9coute et du rapport au silence, le travail de Sabine M\u00e9raud aide \u00e0 mieux accompagner les tout-petits vers le monde joyeux de la musique.<\/p>\n<p>&nbsp;<\/p>\n<p>&nbsp;<\/p>\n<p>Vois-tu comme j&rsquo;\u00e9coute? Petit guide pratique d&rsquo;\u00e9veil musical de la naissance \u00e0 trois ans<\/p>\n<p>Autrice: Sabine M\u00e9raud<\/p>\n<p>Illustratrice: Lise Desportes<\/p>\n<p>Conception graphique: Mathieu Marleau<\/p>\n<p>Editeur\u00a0: Editions des Petits Pas, 2022<\/p>\n<p>ISBN 978-2-9567685-1-7<\/p>\n<p>Prix : 15 euros<\/p>\n<p>104 pages * 135 x 202 mm<\/p>\n","protected":false},"excerpt":{"rendered":"<p>Apprendre la musique aux tout-petits, c\u2019est leur offrir un cadeau extraordinaire qui les accompagnera toute leur vie. Mais, si l\u2019on n\u2019est pas musicien soi-m\u00eame, comment faire\u00a0?<\/p>\n<p>Que vous soyez parent ou professionnel de la petite enfance, ce guide vous propose de monter vos propres s\u00e9ances d\u2019\u00e9veil musical, adapt\u00e9es aux plus jeunes.<\/p>\n<p>Vous y d\u00e9couvrirez la physiologie de l&rsquo;oreille et de la voix chez les b\u00e9b\u00e9s et les tr\u00e8s jeunes enfants, prendrez conscience de l&rsquo;environnement sonore, saurez choisir les instruments \u00e0 mettre \u00e0 disposition et apprendrez \u00e0 composer vous-m\u00eames vos propres s\u00e9ances d&rsquo;\u00e9veil musical.<\/p>\n<p>Forte de son exp\u00e9rience, Sabine M\u00e9raud vous accompagne pas \u00e0 pas dans le joyeux chemin de la musique chez les tout-petits.<\/p>\n<ul>\n<li>Pour que la musique soit accessible \u00e0 tous, d\u00e8s le plus jeune \u00e2ge<\/li>\n<li>Pour rassurer parents et professionnels de la petite enfance\u00a0: ils peuvent eux aussi offrir la musique\u00a0!<\/li>\n<li>Un guide pratique et concret pour commencer imm\u00e9diatement la pratique de la musique<\/li>\n<\/ul>\n<p>&nbsp;<\/p>\n<p><em><strong>Sabine M\u00e9raud<\/strong> est musicienne intervenante dipl\u00f4m\u00e9e du CFMI de Lyon. Elle intervient dans des structures d&rsquo;accueil de la petite enfance depuis plus de trente ans. Proche des enfants, elle aime leur transmettre sa passion pour la musique et a su adapter sa d\u00e9marche \u00e0 leurs besoins et \u00e0 leurs sp\u00e9cificit\u00e9s. Son travail peut \u00eatre visionn\u00e9 sur le site <a href=\"http:\/\/www.sabinemusic-enfants.com\">www.sabinemusic-enfants.com<\/a>\u00a0<\/em><\/p>\n<p><em><strong>Lise Desportes<\/strong> a apport\u00e9 son humour et son regard \u00e0 cet ouvrage pratique. Illustratrice et autrice, son travail porte essentiellement sur l&rsquo;enfance, qu&rsquo;elle traite \u00e0 travers l&rsquo;humour ou l&rsquo;information pour accompagner les parents poules et cols sur le chemin d&rsquo;une parentalit\u00e9 heureuse et respectueuse. On peut retrouver son univers sur son compte Instagram <a href=\"https:\/\/www.instagram.com\/liliaimelenougat\/\">@liliaimelenougat<\/a><\/em><\/p>\n<p><em>Th\u00e8mes\u00a0: musique, petite enfance, b\u00e9b\u00e9s, \u00e9veil musical, cr\u00e8ches, assistantes maternelles, parentalit\u00e9<\/em><\/p>\n","protected":false},"featured_media":19966,"template":"","meta":{"site-sidebar-layout":"default","site-content-layout":"default","ast-site-content-layout":"","site-content-style":"default","site-sidebar-style":"default","ast-global-header-display":"","ast-banner-title-visibility":"","ast-main-header-display":"","ast-hfb-above-header-display":"","ast-hfb-below-header-display":"","ast-hfb-mobile-header-display":"","site-post-title":"","ast-breadcrumbs-content":"","ast-featured-img":"","footer-sml-layout":"","theme-transparent-header-meta":"default","adv-header-id-meta":"","stick-header-meta":"","header-above-stick-meta":"","header-main-stick-meta":"","header-below-stick-meta":"","astra-migrate-meta-layouts":"default","ast-page-background-enabled":"default","ast-page-background-meta":{"desktop":{"background-color":"var(--ast-global-color-4)","background-image":"","background-repeat":"repeat","background-position":"center center","background-size":"auto","background-attachment":"scroll","background-type":"","background-media":"","overlay-type":"","overlay-color":"","overlay-opacity":"","overlay-gradient":""},"tablet":{"background-color":"","background-image":"","background-repeat":"repeat","background-position":"center center","background-size":"auto","background-attachment":"scroll","background-type":"","background-media":"","overlay-type":"","overlay-color":"","overlay-opacity":"","overlay-gradient":""},"mobile":{"background-color":"","background-image":"","background-repeat":"repeat","background-position":"center center","background-size":"auto","background-attachment":"scroll","background-type":"","background-media":"","overlay-type":"","overlay-color":"","overlay-opacity":"","overlay-gradient":""}},"ast-content-background-meta":{"desktop":{"background-color":"var(--ast-global-color-5)","background-image":"","background-repeat":"repeat","background-position":"center center","background-size":"auto","background-attachment":"scroll","background-type":"","background-media":"","overlay-type":"","overlay-color":"","overlay-opacity":"","overlay-gradient":""},"tablet":{"background-color":"var(--ast-global-color-5)","background-image":"","background-repeat":"repeat","background-position":"center center","background-size":"auto","background-attachment":"scroll","background-type":"","background-media":"","overlay-type":"","overlay-color":"","overlay-opacity":"","overlay-gradient":""},"mobile":{"background-color":"var(--ast-global-color-5)","background-image":"","background-repeat":"repeat","background-position":"center center","background-size":"auto","background-attachment":"scroll","background-type":"","background-media":"","overlay-type":"","overlay-color":"","overlay-opacity":"","overlay-gradient":""}}},"product_brand":[],"product_cat":[201],"product_tag":[217,213,214,222,216,215,221,206,219,211,218,220,212],"class_list":{"0":"post-19830","1":"product","2":"type-product","3":"status-publish","4":"has-post-thumbnail","6":"product_cat-livres","7":"product_tag-assistante-maternelle","8":"product_tag-bebe","9":"product_tag-bebes","10":"product_tag-collectivite","11":"product_tag-creches","12":"product_tag-eveil-musical","13":"product_tag-garderie","14":"product_tag-livre","15":"product_tag-mam","16":"product_tag-musique","17":"product_tag-nounou","18":"product_tag-parentalite","19":"product_tag-petite-enfance","20":"product_shipping_class-france-autres","21":"desktop-align-left","22":"tablet-align-left","23":"mobile-align-left","25":"first","26":"outofstock","27":"taxable","28":"shipping-taxable","29":"purchasable","30":"product-type-simple"},"yoast_head":"<!-- This site is optimized with the Yoast SEO plugin v24.3 - https:\/\/yoast.com\/wordpress\/plugins\/seo\/ -->\n<title>Vois-tu comme j&#039;\u00e9coute? - Editions des Petits Pas<\/title>\n<meta name=\"description\" content=\"Que vous soyez parent ou professionnel de la petite enfance, ce livre vous propose de monter vos propres s\u00e9ances d\u2019\u00e9veil musical, adapt\u00e9es aux plus jeunes.\u00a0\" \/>\n<meta name=\"robots\" content=\"index, follow, max-snippet:-1, max-image-preview:large, max-video-preview:-1\" \/>\n<link rel=\"canonical\" href=\"https:\/\/editionsdespetitspas.com\/index.php\/produit\/vois-tu-comme-jecoute\/\" \/>\n<meta property=\"og:locale\" content=\"fr_FR\" \/>\n<meta property=\"og:type\" content=\"article\" \/>\n<meta property=\"og:title\" content=\"Vois-tu comme j&#039;\u00e9coute? - Editions des Petits Pas\" \/>\n<meta property=\"og:description\" content=\"Que vous soyez parent ou professionnel de la petite enfance, ce livre vous propose de monter vos propres s\u00e9ances d\u2019\u00e9veil musical, adapt\u00e9es aux plus jeunes.\u00a0\" \/>\n<meta property=\"og:url\" content=\"https:\/\/editionsdespetitspas.com\/index.php\/produit\/vois-tu-comme-jecoute\/\" \/>\n<meta property=\"og:site_name\" content=\"Editions des Petits Pas\" \/>\n<meta property=\"article:publisher\" content=\"https:\/\/www.facebook.com\/editionsdespetitspas\" \/>\n<meta property=\"article:modified_time\" content=\"2025-04-03T10:31:49+00:00\" \/>\n<meta property=\"og:image\" content=\"https:\/\/editionsdespetitspas.com\/wp-content\/uploads\/2022\/03\/Vois_tu_boutique.png\" \/>\n\t<meta property=\"og:image:width\" content=\"484\" \/>\n\t<meta property=\"og:image:height\" content=\"625\" \/>\n\t<meta property=\"og:image:type\" content=\"image\/png\" \/>\n<meta name=\"twitter:card\" content=\"summary_large_image\" \/>\n<meta name=\"twitter:label1\" content=\"Dur\u00e9e de lecture estim\u00e9e\" \/>\n\t<meta name=\"twitter:data1\" content=\"1 minute\" \/>\n<script type=\"application\/ld+json\" class=\"yoast-schema-graph\">{\"@context\":\"https:\/\/schema.org\",\"@graph\":[{\"@type\":\"WebPage\",\"@id\":\"https:\/\/editionsdespetitspas.com\/index.php\/produit\/vois-tu-comme-jecoute\/\",\"url\":\"https:\/\/editionsdespetitspas.com\/index.php\/produit\/vois-tu-comme-jecoute\/\",\"name\":\"Vois-tu comme j'\u00e9coute? - Editions des Petits Pas\",\"isPartOf\":{\"@id\":\"https:\/\/editionsdespetitspas.com\/#website\"},\"primaryImageOfPage\":{\"@id\":\"https:\/\/editionsdespetitspas.com\/index.php\/produit\/vois-tu-comme-jecoute\/#primaryimage\"},\"image\":{\"@id\":\"https:\/\/editionsdespetitspas.com\/index.php\/produit\/vois-tu-comme-jecoute\/#primaryimage\"},\"thumbnailUrl\":\"https:\/\/editionsdespetitspas.com\/wp-content\/uploads\/2022\/03\/Vois_tu_boutique.png\",\"datePublished\":\"2022-01-14T17:49:22+00:00\",\"dateModified\":\"2025-04-03T10:31:49+00:00\",\"description\":\"Que vous soyez parent ou professionnel de la petite enfance, ce livre vous propose de monter vos propres s\u00e9ances d\u2019\u00e9veil musical, adapt\u00e9es aux plus jeunes.\u00a0\",\"breadcrumb\":{\"@id\":\"https:\/\/editionsdespetitspas.com\/index.php\/produit\/vois-tu-comme-jecoute\/#breadcrumb\"},\"inLanguage\":\"fr-FR\",\"potentialAction\":[{\"@type\":\"ReadAction\",\"target\":[\"https:\/\/editionsdespetitspas.com\/index.php\/produit\/vois-tu-comme-jecoute\/\"]}]},{\"@type\":\"ImageObject\",\"inLanguage\":\"fr-FR\",\"@id\":\"https:\/\/editionsdespetitspas.com\/index.php\/produit\/vois-tu-comme-jecoute\/#primaryimage\",\"url\":\"https:\/\/editionsdespetitspas.com\/wp-content\/uploads\/2022\/03\/Vois_tu_boutique.png\",\"contentUrl\":\"https:\/\/editionsdespetitspas.com\/wp-content\/uploads\/2022\/03\/Vois_tu_boutique.png\",\"width\":484,\"height\":625},{\"@type\":\"BreadcrumbList\",\"@id\":\"https:\/\/editionsdespetitspas.com\/index.php\/produit\/vois-tu-comme-jecoute\/#breadcrumb\",\"itemListElement\":[{\"@type\":\"ListItem\",\"position\":1,\"name\":\"Accueil\",\"item\":\"https:\/\/editionsdespetitspas.com\/\"},{\"@type\":\"ListItem\",\"position\":2,\"name\":\"La librairie des Petits Pas\",\"item\":\"https:\/\/editionsdespetitspas.com\/\"},{\"@type\":\"ListItem\",\"position\":3,\"name\":\"Vois-tu comme j&rsquo;\u00e9coute?\"}]},{\"@type\":\"WebSite\",\"@id\":\"https:\/\/editionsdespetitspas.com\/#website\",\"url\":\"https:\/\/editionsdespetitspas.com\/\",\"name\":\"Editions des Petits Pas\",\"description\":\"Les p\u00e9dagogies... toutes les p\u00e9dagogies\",\"publisher\":{\"@id\":\"https:\/\/editionsdespetitspas.com\/#organization\"},\"potentialAction\":[{\"@type\":\"SearchAction\",\"target\":{\"@type\":\"EntryPoint\",\"urlTemplate\":\"https:\/\/editionsdespetitspas.com\/?s={search_term_string}\"},\"query-input\":{\"@type\":\"PropertyValueSpecification\",\"valueRequired\":true,\"valueName\":\"search_term_string\"}}],\"inLanguage\":\"fr-FR\"},{\"@type\":\"Organization\",\"@id\":\"https:\/\/editionsdespetitspas.com\/#organization\",\"name\":\"Editions des petits pas\",\"url\":\"https:\/\/editionsdespetitspas.com\/\",\"logo\":{\"@type\":\"ImageObject\",\"inLanguage\":\"fr-FR\",\"@id\":\"https:\/\/editionsdespetitspas.com\/#\/schema\/logo\/image\/\",\"url\":\"https:\/\/editionsdespetitspas.com\/wp-content\/uploads\/2018\/11\/cropped-cropped-cropped-logo_rvb_couleurs_horizontal_edpp-e1544882037341.png\",\"contentUrl\":\"https:\/\/editionsdespetitspas.com\/wp-content\/uploads\/2018\/11\/cropped-cropped-cropped-logo_rvb_couleurs_horizontal_edpp-e1544882037341.png\",\"width\":200,\"height\":109,\"caption\":\"Editions des petits pas\"},\"image\":{\"@id\":\"https:\/\/editionsdespetitspas.com\/#\/schema\/logo\/image\/\"},\"sameAs\":[\"https:\/\/www.facebook.com\/editionsdespetitspas\",\"https:\/\/www.instagram.com\/editions_des_petits_pas\/\"]}]}<\/script>\n<!-- \/ Yoast SEO plugin. -->","yoast_head_json":{"title":"Vois-tu comme j'\u00e9coute? - Editions des Petits Pas","description":"Que vous soyez parent ou professionnel de la petite enfance, ce livre vous propose de monter vos propres s\u00e9ances d\u2019\u00e9veil musical, adapt\u00e9es aux plus jeunes.\u00a0","robots":{"index":"index","follow":"follow","max-snippet":"max-snippet:-1","max-image-preview":"max-image-preview:large","max-video-preview":"max-video-preview:-1"},"canonical":"https:\/\/editionsdespetitspas.com\/index.php\/produit\/vois-tu-comme-jecoute\/","og_locale":"fr_FR","og_type":"article","og_title":"Vois-tu comme j'\u00e9coute? - Editions des Petits Pas","og_description":"Que vous soyez parent ou professionnel de la petite enfance, ce livre vous propose de monter vos propres s\u00e9ances d\u2019\u00e9veil musical, adapt\u00e9es aux plus jeunes.\u00a0","og_url":"https:\/\/editionsdespetitspas.com\/index.php\/produit\/vois-tu-comme-jecoute\/","og_site_name":"Editions des Petits Pas","article_publisher":"https:\/\/www.facebook.com\/editionsdespetitspas","article_modified_time":"2025-04-03T10:31:49+00:00","og_image":[{"width":484,"height":625,"url":"https:\/\/editionsdespetitspas.com\/wp-content\/uploads\/2022\/03\/Vois_tu_boutique.png","type":"image\/png"}],"twitter_card":"summary_large_image","twitter_misc":{"Dur\u00e9e de lecture estim\u00e9e":"1 minute"},"schema":{"@context":"https:\/\/schema.org","@graph":[{"@type":"WebPage","@id":"https:\/\/editionsdespetitspas.com\/index.php\/produit\/vois-tu-comme-jecoute\/","url":"https:\/\/editionsdespetitspas.com\/index.php\/produit\/vois-tu-comme-jecoute\/","name":"Vois-tu comme j'\u00e9coute? - Editions des Petits Pas","isPartOf":{"@id":"https:\/\/editionsdespetitspas.com\/#website"},"primaryImageOfPage":{"@id":"https:\/\/editionsdespetitspas.com\/index.php\/produit\/vois-tu-comme-jecoute\/#primaryimage"},"image":{"@id":"https:\/\/editionsdespetitspas.com\/index.php\/produit\/vois-tu-comme-jecoute\/#primaryimage"},"thumbnailUrl":"https:\/\/editionsdespetitspas.com\/wp-content\/uploads\/2022\/03\/Vois_tu_boutique.png","datePublished":"2022-01-14T17:49:22+00:00","dateModified":"2025-04-03T10:31:49+00:00","description":"Que vous soyez parent ou professionnel de la petite enfance, ce livre vous propose de monter vos propres s\u00e9ances d\u2019\u00e9veil musical, adapt\u00e9es aux plus jeunes.\u00a0","breadcrumb":{"@id":"https:\/\/editionsdespetitspas.com\/index.php\/produit\/vois-tu-comme-jecoute\/#breadcrumb"},"inLanguage":"fr-FR","potentialAction":[{"@type":"ReadAction","target":["https:\/\/editionsdespetitspas.com\/index.php\/produit\/vois-tu-comme-jecoute\/"]}]},{"@type":"ImageObject","inLanguage":"fr-FR","@id":"https:\/\/editionsdespetitspas.com\/index.php\/produit\/vois-tu-comme-jecoute\/#primaryimage","url":"https:\/\/editionsdespetitspas.com\/wp-content\/uploads\/2022\/03\/Vois_tu_boutique.png","contentUrl":"https:\/\/editionsdespetitspas.com\/wp-content\/uploads\/2022\/03\/Vois_tu_boutique.png","width":484,"height":625},{"@type":"BreadcrumbList","@id":"https:\/\/editionsdespetitspas.com\/index.php\/produit\/vois-tu-comme-jecoute\/#breadcrumb","itemListElement":[{"@type":"ListItem","position":1,"name":"Accueil","item":"https:\/\/editionsdespetitspas.com\/"},{"@type":"ListItem","position":2,"name":"La librairie des Petits Pas","item":"https:\/\/editionsdespetitspas.com\/"},{"@type":"ListItem","position":3,"name":"Vois-tu comme j&rsquo;\u00e9coute?"}]},{"@type":"WebSite","@id":"https:\/\/editionsdespetitspas.com\/#website","url":"https:\/\/editionsdespetitspas.com\/","name":"Editions des Petits Pas","description":"Les p\u00e9dagogies... toutes les p\u00e9dagogies","publisher":{"@id":"https:\/\/editionsdespetitspas.com\/#organization"},"potentialAction":[{"@type":"SearchAction","target":{"@type":"EntryPoint","urlTemplate":"https:\/\/editionsdespetitspas.com\/?s={search_term_string}"},"query-input":{"@type":"PropertyValueSpecification","valueRequired":true,"valueName":"search_term_string"}}],"inLanguage":"fr-FR"},{"@type":"Organization","@id":"https:\/\/editionsdespetitspas.com\/#organization","name":"Editions des petits pas","url":"https:\/\/editionsdespetitspas.com\/","logo":{"@type":"ImageObject","inLanguage":"fr-FR","@id":"https:\/\/editionsdespetitspas.com\/#\/schema\/logo\/image\/","url":"https:\/\/editionsdespetitspas.com\/wp-content\/uploads\/2018\/11\/cropped-cropped-cropped-logo_rvb_couleurs_horizontal_edpp-e1544882037341.png","contentUrl":"https:\/\/editionsdespetitspas.com\/wp-content\/uploads\/2018\/11\/cropped-cropped-cropped-logo_rvb_couleurs_horizontal_edpp-e1544882037341.png","width":200,"height":109,"caption":"Editions des petits pas"},"image":{"@id":"https:\/\/editionsdespetitspas.com\/#\/schema\/logo\/image\/"},"sameAs":["https:\/\/www.facebook.com\/editionsdespetitspas","https:\/\/www.instagram.com\/editions_des_petits_pas\/"]}]}},"jetpack_sharing_enabled":true,"_links":{"self":[{"href":"https:\/\/editionsdespetitspas.com\/index.php\/wp-json\/wp\/v2\/product\/19830","targetHints":{"allow":["GET"]}}],"collection":[{"href":"https:\/\/editionsdespetitspas.com\/index.php\/wp-json\/wp\/v2\/product"}],"about":[{"href":"https:\/\/editionsdespetitspas.com\/index.php\/wp-json\/wp\/v2\/types\/product"}],"wp:featuredmedia":[{"embeddable":true,"href":"https:\/\/editionsdespetitspas.com\/index.php\/wp-json\/wp\/v2\/media\/19966"}],"wp:attachment":[{"href":"https:\/\/editionsdespetitspas.com\/index.php\/wp-json\/wp\/v2\/media?parent=19830"}],"wp:term":[{"taxonomy":"product_brand","embeddable":true,"href":"https:\/\/editionsdespetitspas.com\/index.php\/wp-json\/wp\/v2\/product_brand?post=19830"},{"taxonomy":"product_cat","embeddable":true,"href":"https:\/\/editionsdespetitspas.com\/index.php\/wp-json\/wp\/v2\/product_cat?post=19830"},{"taxonomy":"product_tag","embeddable":true,"href":"https:\/\/editionsdespetitspas.com\/index.php\/wp-json\/wp\/v2\/product_tag?post=19830"}],"curies":[{"name":"wp","href":"https:\/\/api.w.org\/{rel}","templated":true}]}}